{"id":1221,"date":"2025-10-12T16:25:29","date_gmt":"2025-10-12T14:25:29","guid":{"rendered":"https:\/\/festivaldespains.dev.atmedia.fr\/ecole\/?page_id=1221"},"modified":"2025-11-19T18:28:50","modified_gmt":"2025-11-19T17:28:50","slug":"nous-contacter","status":"publish","type":"page","link":"https:\/\/festivaldespains.dev.atmedia.fr\/ecole\/nous-contacter\/","title":{"rendered":"Nous contacter"},"content":{"rendered":"\t\t<div data-elementor-type=\"wp-page\" data-elementor-id=\"1221\" class=\"elementor elementor-1221\" data-elementor-post-type=\"page\">\n\t\t\t\t<div class=\"aux-parallax-section elementor-element elementor-element-4490e60 e-con-full e-flex e-con e-parent\" data-particle_enable=\"false\" data-particle-mobile-disabled=\"false\" data-id=\"4490e60\" data-element_type=\"container\" data-e-type=\"container\" data-settings=\"{&quot;background_background&quot;:&quot;classic&quot;}\">\n\t\t\t\t<div class=\"elementor-element elementor-element-3d3051b elementor-widget elementor-widget-html\" data-id=\"3d3051b\" data-element_type=\"widget\" data-e-type=\"widget\" data-widget_type=\"html.default\">\n\t\t\t\t<div class=\"elementor-widget-container\">\n\t\t\t\t\t<style>\n\/**Ecraser mise en forme main.css*\/\n.aux-resp.aux-xhd .aux-fold, .aux-resp.aux-xhd .aux-fold-width, .aux-resp.aux-xhd .aux-boxed-container > .aux-container {\nwidth: auto;\nmax-width: none !important; \n}\n\n.aux-fold, .aux-fold-padding, .aux-boxed-container > .aux-container {\n padding-right: 0px; \n padding-left: 0px; \n}\n\n.aux-content-top-margin .aux-primary {\npadding-top: 0px; \n}\n\n.hentry .entry-main {\nmargin-bottom: 0px;\n}\n.hentry .entry-content, .hentry .comment-body {\nmargin-bottom: 0px;\n}\n<\/style>\t\t\t\t<\/div>\n\t\t\t\t<\/div>\n\t\t<div data-particle_enable=\"false\" data-particle-mobile-disabled=\"false\" class=\"elementor-element elementor-element-3109451 e-flex e-con-boxed e-con e-child\" data-id=\"3109451\" data-element_type=\"container\" data-e-type=\"container\">\n\t\t\t\t\t<div class=\"e-con-inner\">\n\t\t<div data-particle_enable=\"false\" data-particle-mobile-disabled=\"false\" class=\"elementor-element elementor-element-62e06b2 e-con-full e-flex e-con e-child\" data-id=\"62e06b2\" data-element_type=\"container\" data-e-type=\"container\">\n\t\t\t\t<div class=\"elementor-element elementor-element-c1aee7c surtitre elementor-widget elementor-widget-heading\" data-id=\"c1aee7c\" data-element_type=\"widget\" data-e-type=\"widget\" data-widget_type=\"heading.default\">\n\t\t\t\t<div class=\"elementor-widget-container\">\n\t\t\t\t\t<div class=\"elementor-heading-title elementor-size-default\">Notre contacter<\/div>\t\t\t\t<\/div>\n\t\t\t\t<\/div>\n\t\t\t\t<div class=\"elementor-element elementor-element-00c5dab elementor-widget elementor-widget-heading\" data-id=\"00c5dab\" data-element_type=\"widget\" data-e-type=\"widget\" data-widget_type=\"heading.default\">\n\t\t\t\t<div class=\"elementor-widget-container\">\n\t\t\t\t\t<h2 class=\"elementor-heading-title elementor-size-default\">Envie d\u2019en savoir plus <\/br> sur nos <span>formations ou notre \u00c9cole ?<\/span>\n<\/h2>\t\t\t\t<\/div>\n\t\t\t\t<\/div>\n\t\t\t\t<div class=\"elementor-element elementor-element-aac4014 elementor-widget__width-initial elementor-widget elementor-widget-text-editor\" data-id=\"aac4014\" data-element_type=\"widget\" data-e-type=\"widget\" data-widget_type=\"text-editor.default\">\n\t\t\t\t<div class=\"elementor-widget-container\">\n\t\t\t\t\t\t\t\t\t<p><strong>\u00c9crivez-nous, nous vous r\u00e9pondrons rapidement.<\/strong><\/p>\t\t\t\t\t\t\t\t<\/div>\n\t\t\t\t<\/div>\n\t\t\t\t<div class=\"elementor-element elementor-element-cca4388 elementor-button-align-stretch elementor-widget elementor-widget-form\" data-id=\"cca4388\" data-element_type=\"widget\" data-e-type=\"widget\" data-settings=\"{&quot;step_next_label&quot;:&quot;Suivant&quot;,&quot;step_previous_label&quot;:&quot;Pr\\u00e9c\\u00e9dent&quot;,&quot;button_width&quot;:&quot;100&quot;,&quot;step_type&quot;:&quot;number_text&quot;,&quot;step_icon_shape&quot;:&quot;circle&quot;}\" data-widget_type=\"form.default\">\n\t\t\t\t<div class=\"elementor-widget-container\">\n\t\t\t\t\t\t\t<form class=\"elementor-form\" method=\"post\" name=\"Formulaire de contact\" aria-label=\"Formulaire de contact\">\n\t\t\t<input type=\"hidden\" name=\"post_id\" value=\"1221\"\/>\n\t\t\t<input type=\"hidden\" name=\"form_id\" value=\"cca4388\"\/>\n\t\t\t<input type=\"hidden\" name=\"referer_title\" value=\"Nous contacter - \u00c9cole de boulangerie\" \/>\n\n\t\t\t\t\t\t\t<input type=\"hidden\" name=\"queried_id\" value=\"1221\"\/>\n\t\t\t\n\t\t\t<div class=\"elementor-form-fields-wrapper elementor-labels-above\">\n\t\t\t\t\t\t\t\t<div class=\"elementor-field-type-text elementor-field-group elementor-column elementor-field-group-name elementor-col-100 elementor-field-required\">\n\t\t\t\t\t\t\t\t\t\t\t\t<label for=\"form-field-name\" class=\"elementor-field-label\">\n\t\t\t\t\t\t\t\tNom\t\t\t\t\t\t\t<\/label>\n\t\t\t\t\t\t\t\t\t\t\t\t\t\t<input size=\"1\" type=\"text\" name=\"form_fields[name]\" id=\"form-field-name\" class=\"elementor-field elementor-size-sm  elementor-field-textual\" placeholder=\"Nom (obligatoire)\" required=\"required\">\n\t\t\t\t\t\t\t\t\t\t\t<\/div>\n\t\t\t\t\t\t\t\t<div class=\"elementor-field-type-text elementor-field-group elementor-column elementor-field-group-field_82302d5 elementor-col-100 elementor-field-required\">\n\t\t\t\t\t\t\t\t\t\t\t\t<label for=\"form-field-field_82302d5\" class=\"elementor-field-label\">\n\t\t\t\t\t\t\t\tPr\u00e9nom\t\t\t\t\t\t\t<\/label>\n\t\t\t\t\t\t\t\t\t\t\t\t\t\t<input size=\"1\" type=\"text\" name=\"form_fields[field_82302d5]\" id=\"form-field-field_82302d5\" class=\"elementor-field elementor-size-sm  elementor-field-textual\" placeholder=\"Pr\u00e9nom  (obligatoire)\" required=\"required\">\n\t\t\t\t\t\t\t\t\t\t\t<\/div>\n\t\t\t\t\t\t\t\t<div class=\"elementor-field-type-tel elementor-field-group elementor-column elementor-field-group-email elementor-col-100\">\n\t\t\t\t\t\t\t\t\t\t\t\t<label for=\"form-field-email\" class=\"elementor-field-label\">\n\t\t\t\t\t\t\t\tNum\u00e9ro de t\u00e9l\u00e9phone (optionnel)\t\t\t\t\t\t\t<\/label>\n\t\t\t\t\t\t\t\t<input size=\"1\" type=\"tel\" name=\"form_fields[email]\" id=\"form-field-email\" class=\"elementor-field elementor-size-sm  elementor-field-textual\" placeholder=\"Num\u00e9ro de t\u00e9l\u00e9phone (optionnel)\" pattern=\"[0-9()#&amp;+*-=.]+\" title=\"Seuls les caract\u00e8res de num\u00e9ros de t\u00e9l\u00e9phone (#, -, *, etc.) sont accept\u00e9s.\">\n\n\t\t\t\t\t\t<\/div>\n\t\t\t\t\t\t\t\t<div class=\"elementor-field-type-email elementor-field-group elementor-column elementor-field-group-field_ec145be elementor-col-100 elementor-field-required\">\n\t\t\t\t\t\t\t\t\t\t\t\t<label for=\"form-field-field_ec145be\" class=\"elementor-field-label\">\n\t\t\t\t\t\t\t\tE-mail\t\t\t\t\t\t\t<\/label>\n\t\t\t\t\t\t\t\t\t\t\t\t\t\t<input size=\"1\" type=\"email\" name=\"form_fields[field_ec145be]\" id=\"form-field-field_ec145be\" class=\"elementor-field elementor-size-sm  elementor-field-textual\" placeholder=\"E-mail  (obligatoire)\" required=\"required\">\n\t\t\t\t\t\t\t\t\t\t\t<\/div>\n\t\t\t\t\t\t\t\t<div class=\"elementor-field-type-select elementor-field-group elementor-column elementor-field-group-field_35b7f5f elementor-col-100 elementor-field-required\">\n\t\t\t\t\t\t\t\t\t\t\t\t<label for=\"form-field-field_35b7f5f\" class=\"elementor-field-label\">\n\t\t\t\t\t\t\t\tSujet\t\t\t\t\t\t\t<\/label>\n\t\t\t\t\t\t\t\t<div class=\"elementor-field elementor-select-wrapper remove-before \">\n\t\t\t<div class=\"select-caret-down-wrapper\">\n\t\t\t\t<svg aria-hidden=\"true\" class=\"e-font-icon-svg e-eicon-caret-down\" viewBox=\"0 0 571.4 571.4\" xmlns=\"http:\/\/www.w3.org\/2000\/svg\"><path d=\"M571 393Q571 407 561 418L311 668Q300 679 286 679T261 668L11 418Q0 407 0 393T11 368 36 357H536Q550 357 561 368T571 393Z\"><\/path><\/svg>\t\t\t<\/div>\n\t\t\t<select name=\"form_fields[field_35b7f5f]\" id=\"form-field-field_35b7f5f\" class=\"elementor-field-textual elementor-size-sm\" required=\"required\">\n\t\t\t\t\t\t\t\t\t<option value=\"Demande d&#039;informations\">Demande d&#039;informations<\/option>\n\t\t\t\t\t\t\t\t\t<option value=\"Demande d&#039;inscription\">Demande d&#039;inscription<\/option>\n\t\t\t\t\t\t\t\t\t<option value=\"Financement\">Financement<\/option>\n\t\t\t\t\t\t\t\t\t<option value=\"Autre\">Autre<\/option>\n\t\t\t\t\t\t\t<\/select>\n\t\t<\/div>\n\t\t\t\t\t\t<\/div>\n\t\t\t\t\t\t\t\t<div class=\"elementor-field-type-textarea elementor-field-group elementor-column elementor-field-group-message elementor-col-100\">\n\t\t\t\t\t\t\t\t\t\t\t\t<label for=\"form-field-message\" class=\"elementor-field-label\">\n\t\t\t\t\t\t\t\tMessage\t\t\t\t\t\t\t<\/label>\n\t\t\t\t\t\t<textarea class=\"elementor-field-textual elementor-field  elementor-size-sm\" name=\"form_fields[message]\" id=\"form-field-message\" rows=\"4\" placeholder=\"Votre message   (optionnel)\"><\/textarea>\t\t\t\t<\/div>\n\t\t\t\t\t\t\t\t<div class=\"elementor-field-group elementor-column elementor-field-type-submit elementor-col-100 e-form__buttons\">\n\t\t\t\t\t<button class=\"elementor-button elementor-size-sm\" type=\"submit\">\n\t\t\t\t\t\t<span class=\"elementor-button-content-wrapper\">\n\t\t\t\t\t\t\t\t\t\t\t\t\t\t\t\t\t\t\t\t\t\t<span class=\"elementor-button-text\">Envoyer<\/span>\n\t\t\t\t\t\t\t\t\t\t\t\t\t<\/span>\n\t\t\t\t\t<\/button>\n\t\t\t\t<\/div>\n\t\t\t<\/div>\n\t\t<\/form>\n\t\t\t\t\t\t<\/div>\n\t\t\t\t<\/div>\n\t\t\t\t<\/div>\n\t\t<div data-particle_enable=\"false\" data-particle-mobile-disabled=\"false\" class=\"elementor-element elementor-element-905495c e-con-full e-flex e-con e-child\" data-id=\"905495c\" data-element_type=\"container\" data-e-type=\"container\">\n\t\t\t\t<div class=\"elementor-element elementor-element-6915fdf elementor-widget__width-initial elementor-widget elementor-widget-heading\" data-id=\"6915fdf\" data-element_type=\"widget\" data-e-type=\"widget\" data-widget_type=\"heading.default\">\n\t\t\t\t<div class=\"elementor-widget-container\">\n\t\t\t\t\t<h2 class=\"elementor-heading-title elementor-size-default\">C<span>ontact<\/span><\/h2>\t\t\t\t<\/div>\n\t\t\t\t<\/div>\n\t\t\t\t<div class=\"elementor-element elementor-element-bd6eab4 elementor-align-center elementor-widget elementor-widget-button\" data-id=\"bd6eab4\" data-element_type=\"widget\" data-e-type=\"widget\" data-widget_type=\"button.default\">\n\t\t\t\t<div class=\"elementor-widget-container\">\n\t\t\t\t\t\t\t\t\t<div class=\"elementor-button-wrapper\">\n\t\t\t\t\t<a class=\"elementor-button elementor-button-link elementor-size-sm\" href=\"tel:0254964045\">\n\t\t\t\t\t\t<span class=\"elementor-button-content-wrapper\">\n\t\t\t\t\t\t\t\t\t<span class=\"elementor-button-text\">T\u00e9l: 02 54 96 40 45<\/span>\n\t\t\t\t\t<\/span>\n\t\t\t\t\t<\/a>\n\t\t\t\t<\/div>\n\t\t\t\t\t\t\t\t<\/div>\n\t\t\t\t<\/div>\n\t\t\t\t<div class=\"elementor-element elementor-element-5fb25f6 elementor-widget elementor-widget-heading\" data-id=\"5fb25f6\" data-element_type=\"widget\" data-e-type=\"widget\" data-widget_type=\"heading.default\">\n\t\t\t\t<div class=\"elementor-widget-container\">\n\t\t\t\t\t<h4 class=\"elementor-heading-title elementor-size-default\">Pour toute question, vous pouvez contacter:<\/h4>\t\t\t\t<\/div>\n\t\t\t\t<\/div>\n\t\t\t\t<div class=\"elementor-element elementor-element-3ce134d elementor-widget elementor-widget-text-editor\" data-id=\"3ce134d\" data-element_type=\"widget\" data-e-type=\"widget\" data-widget_type=\"text-editor.default\">\n\t\t\t\t<div class=\"elementor-widget-container\">\n\t\t\t\t\t\t\t\t\t<p><b>Ga\u00ebl Denizot<\/b> : r\u00e9f\u00e9rent handicap, p\u00e9dagogique et administratif<br \/><a href=\"mailto:gael.denizot@festivaldespains.com\">gael.denizot@festivaldespains.com<\/a><\/p><p><b>Coralie Fresnel<\/b> : r\u00e9f\u00e9rente handicap, p\u00e9dagogique et administrative<br \/><a href=\"mailto:coralie.fresnel@ecoledeboulangerie.fr\">coralie.fresnel@ecoledeboulangerie.fr<\/a><\/p>\t\t\t\t\t\t\t\t<\/div>\n\t\t\t\t<\/div>\n\t\t\t\t<\/div>\n\t\t\t\t\t<\/div>\n\t\t\t\t<\/div>\n\t\t\t\t<\/div>\n\t\t\t\t<\/div>\n\t\t","protected":false},"excerpt":{"rendered":"<p>Notre contacter Envie d\u2019en savoir plus sur nos formations ou notre \u00c9cole ? \u00c9crivez-nous, nous vous r\u00e9pondrons rapidement. Contact T\u00e9l: 02 54 96 40 45 Pour toute question, vous pouvez [&hellip;]<\/p>\n","protected":false},"author":15,"featured_media":0,"parent":0,"menu_order":13,"comment_status":"closed","ping_status":"closed","template":"","meta":{"_acf_changed":false,"footnotes":""},"class_list":["post-1221","page","type-page","status-publish","hentry"],"acf":[],"yoast_head":"<!-- This site is optimized with the Yoast SEO plugin v27.4 - https:\/\/yoast.com\/product\/yoast-seo-wordpress\/ -->\n<title>Nous contacter - \u00c9cole de boulangerie<\/title>\n<meta name=\"robots\" content=\"noindex, follow, max-snippet:-1, max-image-preview:large, max-video-preview:-1\" \/>\n<meta property=\"og:locale\" content=\"fr_FR\" \/>\n<meta property=\"og:type\" content=\"article\" \/>\n<meta property=\"og:title\" content=\"Nous contacter - \u00c9cole de boulangerie\" \/>\n<meta property=\"og:description\" content=\"Notre contacter Envie d\u2019en savoir plus sur nos formations ou notre \u00c9cole ? \u00c9crivez-nous, nous vous r\u00e9pondrons rapidement. Contact T\u00e9l: 02 54 96 40 45 Pour toute question, vous pouvez [&hellip;]\" \/>\n<meta property=\"og:url\" content=\"https:\/\/festivaldespains.dev.atmedia.fr\/ecole\/nous-contacter\/\" \/>\n<meta property=\"og:site_name\" content=\"\u00c9cole de boulangerie\" \/>\n<meta property=\"article:modified_time\" content=\"2025-11-19T17:28:50+00:00\" \/>\n<meta name=\"twitter:card\" content=\"summary_large_image\" \/>\n<meta name=\"twitter:label1\" content=\"Dur\u00e9e de lecture estim\u00e9e\" \/>\n\t<meta name=\"twitter:data1\" content=\"1 minute\" \/>\n<script type=\"application\/ld+json\" class=\"yoast-schema-graph\">{\"@context\":\"https:\\\/\\\/schema.org\",\"@graph\":[{\"@type\":\"WebPage\",\"@id\":\"https:\\\/\\\/festivaldespains.dev.atmedia.fr\\\/ecole\\\/nous-contacter\\\/\",\"url\":\"https:\\\/\\\/festivaldespains.dev.atmedia.fr\\\/ecole\\\/nous-contacter\\\/\",\"name\":\"Nous contacter - \u00c9cole de boulangerie\",\"isPartOf\":{\"@id\":\"https:\\\/\\\/festivaldespains.dev.atmedia.fr\\\/ecole\\\/#website\"},\"datePublished\":\"2025-10-12T14:25:29+00:00\",\"dateModified\":\"2025-11-19T17:28:50+00:00\",\"breadcrumb\":{\"@id\":\"https:\\\/\\\/festivaldespains.dev.atmedia.fr\\\/ecole\\\/nous-contacter\\\/#breadcrumb\"},\"inLanguage\":\"fr-FR\",\"potentialAction\":[{\"@type\":\"ReadAction\",\"target\":[\"https:\\\/\\\/festivaldespains.dev.atmedia.fr\\\/ecole\\\/nous-contacter\\\/\"]}]},{\"@type\":\"BreadcrumbList\",\"@id\":\"https:\\\/\\\/festivaldespains.dev.atmedia.fr\\\/ecole\\\/nous-contacter\\\/#breadcrumb\",\"itemListElement\":[{\"@type\":\"ListItem\",\"position\":1,\"name\":\"Accueil\",\"item\":\"https:\\\/\\\/festivaldespains.dev.atmedia.fr\\\/ecole\\\/\"},{\"@type\":\"ListItem\",\"position\":2,\"name\":\"Nous contacter\"}]},{\"@type\":\"WebSite\",\"@id\":\"https:\\\/\\\/festivaldespains.dev.atmedia.fr\\\/ecole\\\/#website\",\"url\":\"https:\\\/\\\/festivaldespains.dev.atmedia.fr\\\/ecole\\\/\",\"name\":\"\u00c9cole de boulangerie\",\"description\":\"\",\"publisher\":{\"@id\":\"https:\\\/\\\/festivaldespains.dev.atmedia.fr\\\/ecole\\\/#organization\"},\"potentialAction\":[{\"@type\":\"SearchAction\",\"target\":{\"@type\":\"EntryPoint\",\"urlTemplate\":\"https:\\\/\\\/festivaldespains.dev.atmedia.fr\\\/ecole\\\/?s={search_term_string}\"},\"query-input\":{\"@type\":\"PropertyValueSpecification\",\"valueRequired\":true,\"valueName\":\"search_term_string\"}}],\"inLanguage\":\"fr-FR\"},{\"@type\":\"Organization\",\"@id\":\"https:\\\/\\\/festivaldespains.dev.atmedia.fr\\\/ecole\\\/#organization\",\"name\":\"\u00c9cole de boulangerie\",\"url\":\"https:\\\/\\\/festivaldespains.dev.atmedia.fr\\\/ecole\\\/\",\"logo\":{\"@type\":\"ImageObject\",\"inLanguage\":\"fr-FR\",\"@id\":\"https:\\\/\\\/festivaldespains.dev.atmedia.fr\\\/ecole\\\/#\\\/schema\\\/logo\\\/image\\\/\",\"url\":\"https:\\\/\\\/festivaldespains.dev.atmedia.fr\\\/ecole\\\/wp-content\\\/uploads\\\/sites\\\/2\\\/2025\\\/08\\\/logo-ecole-boulangerie.svg\",\"contentUrl\":\"https:\\\/\\\/festivaldespains.dev.atmedia.fr\\\/ecole\\\/wp-content\\\/uploads\\\/sites\\\/2\\\/2025\\\/08\\\/logo-ecole-boulangerie.svg\",\"width\":167,\"height\":168,\"caption\":\"\u00c9cole de boulangerie\"},\"image\":{\"@id\":\"https:\\\/\\\/festivaldespains.dev.atmedia.fr\\\/ecole\\\/#\\\/schema\\\/logo\\\/image\\\/\"}}]}<\/script>\n<!-- \/ Yoast SEO plugin. -->","yoast_head_json":{"title":"Nous contacter - \u00c9cole de boulangerie","robots":{"index":"noindex","follow":"follow","max-snippet":"max-snippet:-1","max-image-preview":"max-image-preview:large","max-video-preview":"max-video-preview:-1"},"og_locale":"fr_FR","og_type":"article","og_title":"Nous contacter - \u00c9cole de boulangerie","og_description":"Notre contacter Envie d\u2019en savoir plus sur nos formations ou notre \u00c9cole ? \u00c9crivez-nous, nous vous r\u00e9pondrons rapidement. Contact T\u00e9l: 02 54 96 40 45 Pour toute question, vous pouvez [&hellip;]","og_url":"https:\/\/festivaldespains.dev.atmedia.fr\/ecole\/nous-contacter\/","og_site_name":"\u00c9cole de boulangerie","article_modified_time":"2025-11-19T17:28:50+00:00","twitter_card":"summary_large_image","twitter_misc":{"Dur\u00e9e de lecture estim\u00e9e":"1 minute"},"schema":{"@context":"https:\/\/schema.org","@graph":[{"@type":"WebPage","@id":"https:\/\/festivaldespains.dev.atmedia.fr\/ecole\/nous-contacter\/","url":"https:\/\/festivaldespains.dev.atmedia.fr\/ecole\/nous-contacter\/","name":"Nous contacter - \u00c9cole de boulangerie","isPartOf":{"@id":"https:\/\/festivaldespains.dev.atmedia.fr\/ecole\/#website"},"datePublished":"2025-10-12T14:25:29+00:00","dateModified":"2025-11-19T17:28:50+00:00","breadcrumb":{"@id":"https:\/\/festivaldespains.dev.atmedia.fr\/ecole\/nous-contacter\/#breadcrumb"},"inLanguage":"fr-FR","potentialAction":[{"@type":"ReadAction","target":["https:\/\/festivaldespains.dev.atmedia.fr\/ecole\/nous-contacter\/"]}]},{"@type":"BreadcrumbList","@id":"https:\/\/festivaldespains.dev.atmedia.fr\/ecole\/nous-contacter\/#breadcrumb","itemListElement":[{"@type":"ListItem","position":1,"name":"Accueil","item":"https:\/\/festivaldespains.dev.atmedia.fr\/ecole\/"},{"@type":"ListItem","position":2,"name":"Nous contacter"}]},{"@type":"WebSite","@id":"https:\/\/festivaldespains.dev.atmedia.fr\/ecole\/#website","url":"https:\/\/festivaldespains.dev.atmedia.fr\/ecole\/","name":"\u00c9cole de boulangerie","description":"","publisher":{"@id":"https:\/\/festivaldespains.dev.atmedia.fr\/ecole\/#organization"},"potentialAction":[{"@type":"SearchAction","target":{"@type":"EntryPoint","urlTemplate":"https:\/\/festivaldespains.dev.atmedia.fr\/ecole\/?s={search_term_string}"},"query-input":{"@type":"PropertyValueSpecification","valueRequired":true,"valueName":"search_term_string"}}],"inLanguage":"fr-FR"},{"@type":"Organization","@id":"https:\/\/festivaldespains.dev.atmedia.fr\/ecole\/#organization","name":"\u00c9cole de boulangerie","url":"https:\/\/festivaldespains.dev.atmedia.fr\/ecole\/","logo":{"@type":"ImageObject","inLanguage":"fr-FR","@id":"https:\/\/festivaldespains.dev.atmedia.fr\/ecole\/#\/schema\/logo\/image\/","url":"https:\/\/festivaldespains.dev.atmedia.fr\/ecole\/wp-content\/uploads\/sites\/2\/2025\/08\/logo-ecole-boulangerie.svg","contentUrl":"https:\/\/festivaldespains.dev.atmedia.fr\/ecole\/wp-content\/uploads\/sites\/2\/2025\/08\/logo-ecole-boulangerie.svg","width":167,"height":168,"caption":"\u00c9cole de boulangerie"},"image":{"@id":"https:\/\/festivaldespains.dev.atmedia.fr\/ecole\/#\/schema\/logo\/image\/"}}]}},"_links":{"self":[{"href":"https:\/\/festivaldespains.dev.atmedia.fr\/ecole\/wp-json\/wp\/v2\/pages\/1221","targetHints":{"allow":["GET"]}}],"collection":[{"href":"https:\/\/festivaldespains.dev.atmedia.fr\/ecole\/wp-json\/wp\/v2\/pages"}],"about":[{"href":"https:\/\/festivaldespains.dev.atmedia.fr\/ecole\/wp-json\/wp\/v2\/types\/page"}],"author":[{"embeddable":true,"href":"https:\/\/festivaldespains.dev.atmedia.fr\/ecole\/wp-json\/wp\/v2\/users\/15"}],"replies":[{"embeddable":true,"href":"https:\/\/festivaldespains.dev.atmedia.fr\/ecole\/wp-json\/wp\/v2\/comments?post=1221"}],"version-history":[{"count":40,"href":"https:\/\/festivaldespains.dev.atmedia.fr\/ecole\/wp-json\/wp\/v2\/pages\/1221\/revisions"}],"predecessor-version":[{"id":3130,"href":"https:\/\/festivaldespains.dev.atmedia.fr\/ecole\/wp-json\/wp\/v2\/pages\/1221\/revisions\/3130"}],"wp:attachment":[{"href":"https:\/\/festivaldespains.dev.atmedia.fr\/ecole\/wp-json\/wp\/v2\/media?parent=1221"}],"curies":[{"name":"wp","href":"https:\/\/api.w.org\/{rel}","templated":true}]}}